{"id":61,"date":"2022-05-05T14:31:34","date_gmt":"2022-05-05T12:31:34","guid":{"rendered":"https:\/\/www.bowlingbarpredmerice.cz\/index.php\/objednani\/"},"modified":"2022-05-17T22:31:59","modified_gmt":"2022-05-17T20:31:59","slug":"objednani","status":"publish","type":"page","link":"https:\/\/www.bowlingbarpredmerice.cz\/index.php\/objednani\/","title":{"rendered":"rezervace"},"content":{"rendered":"\n    \n    <section class=\"u-align-left u-clearfix u-image u-shading u-section-2\" id=\"sec-4086\" data-image-width=\"2560\" data-image-height=\"1441\">\n      <div class=\"u-clearfix u-sheet u-valign-middle u-sheet-1\">\n        <h4 class=\"u-text u-text-default u-text-1\" data-animation-name=\"fadeIn\" data-animation-duration=\"2000\" data-animation-delay=\"0\" data-animation-direction=\"\">REZERVACE<\/h4>\n      <\/div>\n    <\/section>\n    <section class=\"u-clearfix u-section-3\" id=\"sec-895e\">\n      <div class=\"u-clearfix u-sheet u-sheet-1\">\n        <h4 class=\"u-align-center u-text u-text-1\" data-animation-name=\"fadeIn\" data-animation-duration=\"2250\" data-animation-delay=\"0\">FIREMN\u00cd AKCE, <font style=\"font-size: 1.25rem;\">OSLAVY A VE\u010c\u00cdRKY<\/font>\n        <\/h4>\n        <p class=\"u-align-center u-custom-font u-font-roboto u-text u-text-2\">Rezervujte si \u010d\u00e1st nebo cel\u00fd podnik pro firemn\u00ed \u010di soukromou p\u00e1rty. Maxim\u00e1ln\u00ed kapacita je 60 osob. N\u00e1\u0161 person\u00e1l m\u00e1 mnohalet\u00e9 zku\u0161enosti s po\u0159\u00e1d\u00e1n\u00edm takov\u00fdch akc\u00ed. P\u0159iprav\u00edme raut a uspo\u0159\u00e1d\u00e1me firemn\u00ed turnaj.<br>\n          <br>T\u011b\u0161\u00edme se na spolupr\u00e1ci!! Za\u0161leme V\u00e1m nab\u00eddku s rozpo\u010dtem, kontaktuje n\u00e1s na \u010d\u00edsle <a href=\"tel:602 419 392\" class=\"u-active-none u-border-none u-btn u-button-link u-button-style u-hover-none u-none u-text-custom-color-8 u-btn-1\" data-animation-name=\"fadeIn\" data-animation-duration=\"2000\" data-animation-delay=\"0\">602 419 392<\/a>, nebo na e-mail&nbsp;&nbsp;<a href=\"mailto:pandis@centrum.cz\" class=\"u-active-none u-border-none u-btn u-button-link u-button-style u-hover-none u-none u-text-custom-color-8 u-btn-2\" data-animation-name=\"fadeIn\" data-animation-duration=\"2000\" data-animation-delay=\"0\">pandis@centrum.cz<\/a>\n        <\/p>\n      <\/div>\n    <\/section>\n    <section class=\"u-clearfix u-section-4\" id=\"sec-5a6b\">\n      <div class=\"u-clearfix u-sheet u-sheet-1\"><\/div>\n    <\/section>\n    \n    \n    \n  \n","protected":false},"excerpt":{"rendered":"<p>REZERVACE FIREMN\u00cd AKCE, OSLAVY A VE\u010c\u00cdRKY Rezervujte si \u010d\u00e1st nebo cel\u00fd podnik pro firemn\u00ed \u010di soukromou p\u00e1rty. Maxim\u00e1ln\u00ed kapacita je 60 osob. N\u00e1\u0161 person\u00e1l m\u00e1 mnohalet\u00e9 zku\u0161enosti s po\u0159\u00e1d\u00e1n\u00edm takov\u00fdch akc\u00ed. P\u0159iprav\u00edme raut a uspo\u0159\u00e1d\u00e1me firemn\u00ed turnaj. T\u011b\u0161\u00edme se na spolupr\u00e1ci!! Za\u0161leme V\u00e1m nab\u00eddku s rozpo\u010dtem, kontaktuje n\u00e1s na \u010d\u00edsle 602 419 392, nebo na &hellip; <a href=\"https:\/\/www.bowlingbarpredmerice.cz\/index.php\/objednani\/\" class=\"more-link\">Continue reading<span class=\"screen-reader-text\"> &#8222;rezervace&#8220;<\/span><\/a><\/p>\n","protected":false},"author":1,"featured_media":0,"parent":0,"menu_order":1,"comment_status":"closed","ping_status":"closed","template":"","meta":{"footnotes":""},"class_list":["post-61","page","type-page","status-publish","hentry"],"_links":{"self":[{"href":"https:\/\/www.bowlingbarpredmerice.cz\/index.php\/wp-json\/wp\/v2\/pages\/61","targetHints":{"allow":["GET"]}}],"collection":[{"href":"https:\/\/www.bowlingbarpredmerice.cz\/index.php\/wp-json\/wp\/v2\/pages"}],"about":[{"href":"https:\/\/www.bowlingbarpredmerice.cz\/index.php\/wp-json\/wp\/v2\/types\/page"}],"author":[{"embeddable":true,"href":"https:\/\/www.bowlingbarpredmerice.cz\/index.php\/wp-json\/wp\/v2\/users\/1"}],"replies":[{"embeddable":true,"href":"https:\/\/www.bowlingbarpredmerice.cz\/index.php\/wp-json\/wp\/v2\/comments?post=61"}],"version-history":[{"count":5,"href":"https:\/\/www.bowlingbarpredmerice.cz\/index.php\/wp-json\/wp\/v2\/pages\/61\/revisions"}],"predecessor-version":[{"id":221,"href":"https:\/\/www.bowlingbarpredmerice.cz\/index.php\/wp-json\/wp\/v2\/pages\/61\/revisions\/221"}],"wp:attachment":[{"href":"https:\/\/www.bowlingbarpredmerice.cz\/index.php\/wp-json\/wp\/v2\/media?parent=61"}],"curies":[{"name":"wp","href":"https:\/\/api.w.org\/{rel}","templated":true}]}}